 + m = q. Is z a prime number?
True
Let a(f) = 2*f + 68. Let g be a(-28). Suppose 2*p = -p + g, 5*p + 2698 = l. Let s = -1817 + l. Is s composite?
True
Let t = 6 + 3. Let h(y) = 254*y + 23. Is h(t) a composite number?
False
Suppose -2*a + 5*i = 280, a + 5*i + 118 = -7. Let o = 35 - 13. Let p = o - a. Is p prime?
True
Suppose 93*q - 640623 = 69*q + 388665. Is q composite?
True
Let n(m) = m - 1. Let a be n(11). Suppose a = 5*y - 3*g + 5*g, 5*g = -5*y + 10. Suppose 0 = -5*k + u + 682 + 345, 0 = 4*k + y*u - 816. Is k composite?
True
Suppose 24*b + 20*b - 14476 = 0. Suppose -101 = -k + 5*p + b, -4*k = p - 1657. Is k prime?
False
Let x = -1144 + 1685. Is x a composite number?
False
Let l(j) = j**3 - 11*j**2 + 17*j - 1. Let n be l(9). Let g be (-2)/n - ((-848)/10)/(-4). Is (g/(-14) - 13/2)*-41 prime?
False
Let r(z) = -11*z + 42. Let l be r(0). Suppose l*m - 47*m = -24535. Is m a composite number?
True
Let p be (-2)/(-6) - (-11)/3. Suppose p = 3*k + 5*j - 10, -5*k - 4*j = -19. Suppose -940 + 3673 = k*d. Is d a prime number?
True
Suppose 20*q + 20 = 16*q. Let f(m) = m**2 - 79*m - 69. Let r(d) = 2*d**2 - 80*d - 70. Let x(i) = q*f(i) + 4*r(i). Is x(-32) composite?
True
Is ((-25)/15 - -3) + 1261365/63 - 2 a composite number?
False
Let r(y) = -7*y - 14. Let n be r(-3). Suppose -x + n = -3*a - a, x + 1 = 0. Is 3 + 2916/14 + a/7 composite?
False
Suppose -3*r = -5*x, -4*x - 5*r = -4*r. Let p(n) = n**2 + 4861. Is p(x) a prime number?
True
Let a(w) be the first derivative of -w**4/4 + 22*w**3/3 + 14*w**2 + 18*w + 10. Let u be ((-1)/(-4))/((-33)/(-3036)). Is a(u) prime?
False
Let q(z) = 4*z**3 + 13*z**2 - 5*z + 13. Is q(7) composite?
False
Let r = -87 + 93. Suppose r = 3*z, 2*i + 26 = 4*i + 5*z. Is (-1 + -1)*i/((-128)/12056) a composite number?
True
Let t = 60657 - -343916. Is t a prime number?
False
Let a be 6/8 + 3210082/8. Suppose -a = 3*o + 2*g - 60372, -3*o - 340879 = 4*g. Is (-2)/(-7) + o/(-91) composite?
False
Let a = -3584 - -61503. Is a a prime number?
False
Is -1*(1*704761/2)/(22/(-44)) prime?
True
Let v(h) = 7*h - 13. Let a be v(3). Let d be -1*(a/(-3) + 1/(-3)). Suppose -d*r - 508 + 2113 = 0. Is r a composite number?
True
Suppose -7504 = -35*b + 21*b. Let a = b + -975. Let h = 1384 - a. Is h a composite number?
False
Let u = -383 - -398. Is -4 - 52*-254*u/24 a prime number?
False
Let j = -30533 - -51702. Is j composite?
False
Is (-14 + -141056)*10/(-100) composite?
False
Let r = -177 + 90. Let q = r + 84. Is ((-127)/1)/(q + (-168)/(-57)) prime?
False
Let y be ((-55536)/195)/(2/(-5)). Suppose -922 = 3*q - q. Let s = y + q. Is s prime?
True
Let w = -28208 + 40809. Is w composite?
False
Let l(p) = 139*p**3 + 59*p**2 - 756*p - 79. Is l(18) prime?
True
Let m be (92/6 - 2) + (-2)/(-3). Let y(f) = 3*f + 38. Let d be y(-12). Is -211*((-3)/d + 7/m) composite?
False
Let g(f) = -61*f**3 + 8*f**2 - 7*f - 22. Let v be g(-6). Suppose 116*j = 120*j - v. Is j a composite number?
False
Let a = -137 + 688. Let g = -762 - -372. Let l = a + g. Is l a composite number?
True
Let w(c) = -c**3 - 25*c**2 - 123*c + 127. Is w(-52) a prime number?
True
Let s(i) = i**3 + 13*i**2 - i - 9. Let p be s(-13). Is 1 - p - (-1050 + 8)/1 composite?
False
Let w = 1221 - 656. Let u = 22 + w. Is u a composite number?
False
Is ((-3390)/(-60))/((-4)/(-4456)) a composite number?
True
Let y = 23 - 11. Let a = -978 + 978. Suppose a = -y*b + 4*b + 2120. Is b a composite number?
True
Let r be -3*(-2 + -326)*11. Let s = -1323 + 8734. Let d = r - s. Is d a composite number?
False
Suppose m = 0, 47*g - 2*m - 1970 = 52*g. Let y = 449 + g. Is y a prime number?
False
Let k(z) = 3*z**3 - 34*z**2 + 121*z + 61. Is k(19) a composite number?
False
Let a = -377 + 382. Suppose 3*l = j - 4883, -a*j + 3*l = l - 24441. Is j a prime number?
True
Suppose 9*q - 900 = -126. Suppose 0 = 4*o + o + 2*v - 120, 3*o - q = -4*v. Is (-4)/o - (-58044)/44 prime?
True
Suppose 99084516 + 53509450 = 62*y. Is y a composite number?
True
Let n(p) = -92294*p - 2359. Is n(-9) composite?
True
Let f(v) = -3059*v**3 + 3*v**2 + 15*v + 134. Is f(-7) a composite number?
False
Let t(v) = 2*v**3 + 17*v**2 + 10*v + 435. Is t(14) prime?
False
Let u = 435 + -422. Suppose 0 = -u*p + 11*p + 28522. Is p a prime number?
False
Let r = 257 - -425. Suppose 1491 = y - r. Is y prime?
False
Suppose 161 = -5*m - 34. Let o = 44 + m. Suppose -o*d + 320 = -110. Is d composite?
True
Suppose 28*v = -244 + 860. Is -7 + 150/v - 29682/(-22) prime?
False
Is 14/(-2) - -2 - (-81 + -287371) prime?
False
Let r be (15378/9)/(2/(-3)). Let q be (-4 + 3)*1 + r. Let g = q - -6091. Is g prime?
True
Suppose 0 = -5*z - 61*j + 56*j + 19245, 5*z = 3*j + 19229. Is z a prime number?
True
Let h = -1176 + 3301. Let n = h - 232. Is n prime?
False
Let v(i) be the third derivative of i**6/120 - 2*i**5/15 + 7*i**4/12 + 7*i**3/3 + 87*i**2. Is v(12) a prime number?
False
Suppose 485 = -0*q + q - 3*z, -2*q = -5*z - 968. Suppose 20*c - 21*c = -q. Is c composite?
False
Suppose 41*s = 127*s - 8791258 - 1660408. Is s prime?
True
Suppose 0 = 3*y - 4*g - 108101, 97081 + 11010 = 3*y + g. Is y composite?
True
Suppose 3*p - 2*a - 25847 = 0, 10*p - 34464 = 6*p + 3*a. Let g = p + -484. Is g prime?
False
Let s = 14944 + -9305. Is s prime?
True
Let f be 1248 + (-2 - -5) + (3 - 1). Let z = 2678 + f. Suppose i = 1, 7*h - 2*h - 4*i - z = 0. Is h a prime number?
True
Let m(f) = -12 - 942*f + 459*f + 8638*f**2 + 472*f. Is m(-1) prime?
False
Suppose 3*z + 2*i = 18, 0 = 2*z - 5*i + 2*i - 12. Suppose z*l - l - 5550 = 0. Suppose 4*s - 454 = 3*c + l, -5*s = -3*c - 1955. Is s a prime number?
False
Suppose -5*l = -4*l - 14424. Let o be 5 - 4 - (-1 + 0 + -2). Suppose -k = o*q - 3*q - 3605, -4*k + l = 5*q. Is k a composite number?
True
Let o = 2422 + -5308. Let q = o + 7039. Is q prime?
True
Suppose -5*t - 3*r + 32 = -0*r, 5*t - 4 = 4*r. Suppose 539 = -3*x - 0*f + t*f, -3*x - 534 = -3*f. Let l = 610 + x. Is l composite?
True
Suppose 2*z + w + 3 = 0, 3*w + 3 = -4*z - 4. Is (-159618)/(-14) - (2/(-7))/z composite?
True
Suppose 0 = -3*l + 4*w + 248359, 0*l = 5*l + 2*w - 413897. Is l prime?
True
Suppose -11 - 4 = 3*l, -l - 473 = -2*c. Suppose -1814 = -236*w + c*w. Is w prime?
True
Let m = 147677 + -73800. Is m prime?
True
Is 261/(-58) + 115868/8 a prime number?
True
Suppose 0 = -3*r + 6*r - 123. Let q = -37 + r. Suppose -q*w + 0*w - 2*y + 572 = 0, 715 = 5*w - 3*y. Is w a composite number?
True
Let x = 965288 + -475819. Is x prime?
False
Let t be 1 + 3 - (-23)/(-23). Suppose -t*o - 17409 = -3*m, -m + 29047 = 4*m + 3*o. Is m composite?
False
Is -24241*(-4)/18 + 2/18 prime?
True
Let t(j) = 49*j**2 - 65*j + 65. Is t(38) prime?
True
Let d(r) = -1883*r + 2. Let f(x) = 3766*x - 5. Let g(v) = 5*d(v) + 3*f(v). Is g(2) a composite number?
False
Suppose -30 = -3*f - 4*z + 7*z, 0 = -2*f - z + 5. Suppose s - 39126 = -f*s. Is s a composite number?
False
Let x(l) = 20529*l + 4301. Is x(18) composite?
False
Suppose 0 = -6*y - 9*y + 567135. Suppose -10*m = -m - y. Is m composite?
False
Let a be (26/(-52)*(-16 - 0))/(-2). Let u(q) = 510*q**2 + 4*q - 3. Is u(a) a prime number?
False
Suppose -2854 + 24 = -2*f - 3*t, 4*f = -3*t + 5666. Suppose -4*q = 5*r - f, -3*r - q = -0*r - 855. Let a = 76 + r. Is a a composite number?
True
Let g be 17184/(-72)*(-3)/4. Suppose 3*s - 775 + 7 = 0. Let r = s - g. Is r a prime number?
False
Let p = -12899 - -6236. Is (21/(-9) - -2)*p composite?
False
Let r = -57 + 62. Suppose -r*g - 2*t + 6*t - 60 = 0, -2*t + 10 = 0. Is 2 + 12*(-2 + (-670)/g) prime?
True
Suppose -2*m - 2 + 0 = 0. Let x be (2 + 3)*(-199 + (-2)/m). Is x*(2 + -1)*-1 composite?
True
Let o(j) = -117*j**2 + 2*j - 8. Let n be o(2). Let v = 865 + n. Suppose 11642 = k + v. Is k prime?
False
Suppose -44*x + 51*x - 35 = 0. Let u(p) = 25*p**2 + 6*p - 20. Is u(x) composite?
True
Suppose -126*m - 21*m - 34*m = -5617697. Is m a prime number?
False
Is (1/(-1))/((-16)/(-1995328)*-4) a prime number?
True
Suppose -49*k + 6 = -46*k. Let j(t) = 49 + 4*t + 139*t**2 - 62*t**2 - 69*t**k. Is j(-7) a composite number?
True
Suppose 0 = 76*t - 187*t + 8882331. Is t a composite number?
False
Let o(y) = 106*y**2 + 65*y + 712. Is o(49) a prime number?
True
Suppose -4*t - 5*q + 327432 = 0, -t + 2*q = -37301 - 44544. Is t prime?
True
Let b(g) = 0 + 3475*g + 4142*g - 42 